-14))*9/(-2). Let m be q(u). What is the greatest common divisor of m and 123?
41
Suppose 4*s + 2*g + 1 = -g, 3*s + 3*g + 3 = 0. Suppose -4*n + 56 = -f, 17 = 2*n + 3*f - 11. What is the greatest common factor of n and s?
2
Suppose p + 2*p = -351. Let v = 212 + p. What is the highest common divisor of 19 and v?
19
Let y(g) = -11*g + 9. Let h(l) = -l + 1. Let o(u) = -36*h(u) + 4*y(u). Let d be o(-1). Calculate the greatest common divisor of 20 and d.
4
Suppose -3*i + 0*f = 5*f - 5, 10 = 2*i + 2*f. Let u(l) = -l + 9. Let t be u(-6). Let m be (-60)/t - (-23 + -1). What is the greatest common factor of m and i?
10
Let z be 25 - (2 + 1*(2 - -2)). Suppose 0 = -2*j + 43 + 109. What is the highest common divisor of j and z?
19
Let i(n) = 5*n - 27. Let r be -1 - -9 - (18 - 16). Let j be i(r). Calculate the greatest common factor of 9 and j.
3
Let m = -1440 - -2371. Calculate the highest common factor of 19 and m.
19
Let z = 36 + -1. Let t = z - -45. Suppose 0 = 3*a - 5*k - 48, a - 5*a + 64 = -2*k. Calculate the highest common divisor of t and a.
16
Suppose 4*y + u = 884, -1535 + 430 = -5*y + u. What is the greatest common factor of y and 39?
13
Let k be (2/6)/((-4)/(-24)). Let l be 150/9 - 12/(-9). Suppose -5*j + 21 = 2*q, q - 5*j + 10*j = l. What is the highest common factor of q and k?
1
Let r be -3 + 7 - -1*(-3 - 1). Let n(l) = -l**3 + l + 119. Let d be n(r). Calculate the greatest common divisor of d and 7.
7
Suppose 4 = 2*c - 4*u, -u = -4*c + 3*c + 3. What is the greatest common divisor of 36 and c?
4
Let i(h) = 10*h**2 - 25*h + 5. Let n be i(7). Calculate the greatest common divisor of n and 20.
20
Let l(q) = -q**2 - 15*q - 28. Let g be l(-13). Let w be (g - 102/(-18))/((-2)/(-18)). What is the highest common divisor of w and 33?
33
Suppose -252 = -3*f + 3*a, -f + 87 - 11 = 3*a. Calculate the greatest common divisor of f and 615.
41
Suppose -2*s + 14 = 3*k - 12, 0 = -5*k. Let v(z) = -z**2 + 16*z + 10. Let y be v(s). Calculate the greatest common divisor of y and 7.
7
Let u = -63 + 68. Let h(o) = -1 - 112*o + 112*o + 6*o**2. Let m be h(1). What is the greatest common factor of u and m?
5
Let v = -399 + 411. Calculate the greatest common divisor of 108 and v.
12
Suppose -13*c + 30 = -3*c. Let u be (52/(-8))/(c/(-66)). Calculate the greatest common factor of u and 11.
11
Suppose -5*m = 3*m - 1968. Suppose q = 3, 5*q - 3*q + m = 2*f. Calculate the highest common factor of 14 and f.
14
Let z be 4/(1/(-1) + -1). Let o = 11 - z. Let v be -2 + o + 4/(-2). Calculate the highest common divisor of 90 and v.
9
Suppose -136*s + 131*s = 0. Suppose 0 = -s*b - b + 57. Calculate the greatest common divisor of b and 95.
19
Suppose 4*i - 23 = 37. Suppose 4*v + 2*f = -2, -4*f - 5 - i = 0. Let s = v - -12. What is the highest common factor of 98 and s?
14
Let x = -731 - -750. Calculate the highest common divisor of 76 and x.
19
Suppose 13*n + 3*n = 176. What is the greatest common factor of 407 and n?
11
Let l be (-2)/2*-7*(16 + -15). Calculate the greatest common divisor of l and 301.
7
Let o be ((-1 - -1) + -9)/(-1). Suppose o*y = 4*y + 40. Suppose 0 = -23*p + 498 + 790. What is the highest common factor of p and y?
8
Let b(m) be the second derivative of -2*m**3/3 + 20*m**2 + 32*m. Let h be b(5). Suppose -y + 10 = -0*y. Calculate the highest common divisor of y and h.
10
Suppose -5*g = 3*i - 182, 2*i - 2*g - 87 - 13 = 0. Let t = 2 + -2. Let z(m) = -m**3 + m + 36. Let u be z(t). What is the greatest common factor of u and i?
18
Let q = -37 + 10. Let d be q/(-5) - 8/20. Suppose 50 = 4*h - 2*h. What is the highest common factor of d and h?
5
Suppose 3*j - 785 = 220. Let n(h) = h**3 + 7*h**2 - 5*h - 8. Let a be n(-5). Calculate the greatest common divisor of j and a.
67
Suppose 462 = -14*x + 25*x. What is the greatest common factor of 6 and x?
6
Suppose -5*u - 12 = -4*b - 41, 20 = 3*u - 5*b. Let r(w) = 5*w**2 - 2*w - 1. Let q be r(2). Calculate the highest common divisor of u and q.
5
Suppose -104 = -16*n - 72. Calculate the greatest common divisor of n and 47.
1
Let b(r) = 2*r**2 - 8*r - 3. Let x be b(6). Let m be (36/14)/3*x. Let a(d) = 29*d**2 - 6*d + 4. Let w be a(1). Calculate the greatest common factor of w and m.
9
Let w be (6/(-7))/((-2)/14). Let y(q) = q**3 + 8*q**2 + 8*q + 9. Let f be y(-7). What is the highest common divisor of w and f?
2
Suppose 11*h - 58 = -d + 8*h, 4*h + 51 = d. Calculate the highest common factor of 11 and d.
11
Let v(k) = 39*k**2 + 1. Suppose -2*z + 33 = 5*g - 14, g - 5*z - 4 = 0. Let f be (-2)/g - 35/45. Let a be v(f). Calculate the highest common factor of a and 5.
5
Let o(m) = -5*m + 3. Let l be o(0). Suppose -l*f = 5*k - 46, 2*f - 3*k = -2*k + 22. Calculate the greatest common factor of 9 and f.
3
Suppose -6*h - 16 = -112. Calculate the highest common factor of 112 and h.
16
Let o be 299 - 3/6*-2. Suppose 2*a = 5*a - o. Suppose 485 + 35 = 13*h. Calculate the highest common divisor of a and h.
20
Let j(m) = -151*m - 1. Let f be j(-1). Calculate the highest common divisor of f and 60.
30
Suppose -3*n - 2*k = -403 - 700, 5*n = -2*k + 1841. What is the highest common factor of 9 and n?
9
Let d be (-2)/((-8)/(-4)) + 0. Let p(r) = -8*r**3 + 3*r**2 + r. Let m be p(d). What is the greatest common divisor of m and 40?
10
Let a = 17 + -67. Let q = 15 - a. What is the highest common factor of q and 13?
13
Let d be (-246)/(-26) - 432/936. Calculate the greatest common divisor of 57 and d.
3
Let l be -5 - 113 - -5 - -3. Let t = 294 + l. What is the highest common divisor of 23 and t?
23
Let g be (4/(-6))/(3/(-189)). Suppose 0 = -4*r - 0*r - 32. Let a be (-166)/r + 16/64. What is the highest common divisor of a and g?
21
Let h(t) = 196*t. Let d be h(1). Suppose 20 + d = 3*y. Let k = 136 + -127. Calculate the highest common factor of y and k.
9
Let x(b) = 2*b**2 + 4*b - 89. Let p be x(6). What is the greatest common factor of 7 and p?
7
Let r(h) = 2 + 5 - h + 4. Let j = -3 + -2. Let c be r(j). Calculate the greatest common divisor of 4 and c.
4
Let w be 128/12 + 1 + 20/(-12). Suppose 27 = 3*q + 3*j, -5*j + 13 = q - 3*j. Calculate the greatest common divisor of q and w.
5
Let q(j) = j**3 + 2*j**2 + j - 2. Let i be q(2). Let g = 18859 + -18843. What is the highest common divisor of g and i?
16
Let d = -906 + 958. Calculate the greatest common factor of d and 988.
52
Let s be 10 - (-17 - -9)*(-1)/(-2). Calculate the highest common divisor of s and 182.
14
Let d be (20/(-8)*1)/(2/(-4)). Suppose 3*n - 6*n = 2*j - 15, 51 = d*j + 3*n. Calculate the greatest common factor of j and 30.
6
Let x(o) = o**3 + 0*o**3 + 12*o - 28*o**2 + 40*o**2 + 15. Let w be x(-11). Calculate the highest common divisor of w and 28.
4
Let v = 68 + -29. Let y(n) = -7*n + 230. Let x be y(31). Calculate the greatest common divisor of x and v.
13
Suppose 40*x - 43*x + 288 = 0. What is the highest common factor of 16 and x?
16
Let g(p) = 3*p - 4. Let x be g(-1). Let k be (-18)/x*168/36. Calculate the greatest common divisor of 48 and k.
12
Let i = 425 - 742. Let d = i - -507. Suppose 0 = -t + 1, 2*p = -p + 5*t + d. Calculate the highest common factor of 13 and p.
13
Let k = -109 - -113. Suppose -400 = -k*r - 8. Let i(v) = -v**3 + 4*v**2 + 5*v - 6. Let q be i(4). Calculate the highest common divisor of q and r.
14
Suppose -55*y + 53*y = -4. Suppose 0 = 2*w - 0*w - y*t - 136, 5*w + 5*t - 360 = 0. What is the highest common factor of 28 and w?
14
Let h be (195/(-30))/((-4)/184). What is the highest common divisor of 26 and h?
13
Suppose 2*j = 2*n + 28, -j = -5*j + 3*n + 52. Let k be (-548)/(-5) + j/25. Calculate the highest common divisor of k and 10.
10
Suppose 0*s = -s + 2. Let r = s + 46. What is the greatest common factor of r and 120?
24
Let p(w) = 2*w**2 - 8*w + 21. Let n be p(4). Let k be (1 - 2)/(4/(-192)*4). What is the highest common divisor of k and n?
3
Let k be ((-6)/(-24)*-10)/(2/(-8)). Calculate the greatest common divisor of k and 90.
10
Let b be -7 + 4 + 3 - 2. Let m be (-349)/b + 2/4. Calculate the greatest common divisor of m and 70.
35
Suppose -2*o + 1 + 25 = 0. Let f = -11 + o. Suppose f*k + 6 = 8. Calculate the highest common factor of 8 and k.
1
Let t = -756 + 980. What is the highest common factor of 7 and t?
7
Let c = -1212 + 1242. What is the greatest commo